hat is the thousands digit of 23116542?
6
What is the thousands digit of 793564410?
4
What is the millions digit of 317612010?
7
What is the units digit of 1714796276?
6
What is the thousands digit of 12432854?
2
What is the ten thousands digit of 2106810285?
1
What is the hundred millions digit of 537556425?
5
What is the hundreds digit of 75512703?
7
What is the ten thousands digit of 97008265?
0
What is the ten millions digit of 1858014160?
5
What is the units digit of 171619057?
7
What is the ten thousands digit of 3582782244?
8
What is the hundred thousands digit of 408783457?
7
What is the ten thousands digit of 98646814?
4
What is the millions digit of 118245245?
8
What is the millions digit of 1740356024?
0
What is the millions digit of 34453005?
4
What is the tens digit of 2947549179?
7
What is the units digit of 367435632?
2
What is the tens digit of 94600144?
4
What is the units digit of 6649132?
2
What is the millions digit of 239292300?
9
What is the millions digit of 65122178?
5
What is the thousands digit of 217839380?
9
What is the tens digit of 375128960?
6
What is the billions digit of 5149468810?
5
What is the units digit of 18537386?
6
What is the ten thousands digit of 4100798722?
9
What is the millions digit of 105872765?
5
What is the hundred thousands digit of 38507069?
5
What is the ten millions digit of 60100515?
6
What is the hundred thousands digit of 314280658?
2
What is the ten thousands digit of 217037813?
3
What is the units digit of 1122714787?
7
What is the hundreds digit of 5390623921?
9
What is the ten millions digit of 1585370676?
8
What is the thousands digit of 103212187?
2
What is the millions digit of 131245863?
1
What is the units digit of 700340258?
8
What is the hundreds digit of 158371678?
6
What is the tens digit of 24391011?
1
What is the ten millions digit of 2184539507?
8
What is the units digit of 414969866?
6
What is the hundred thousands digit of 166165314?
1
What is the hundred millions digit of 487273739?
4
What is the hundred thousands digit of 594521263?
5
What is the ten thousands digit of 19322223?
2
What is the units digit of 716793494?
4
What is the hundred thousands digit of 338834944?
8
What is the hundreds digit of 1315122?
1
What is the ten thousands digit of 132941608?
4
What is the ten millions digit of 294201902?
9
What is the ten thousands digit of 3452801864?
0
What is the millions digit of 770102267?
0
What is the units digit of 99092333?
3
What is the hundreds digit of 273045696?
6
What is the thousands digit of 148179141?
9
What is the hundred thousands digit of 57150636?
1
What is the ten millions digit of 54986697?
5
What is the ten thousands digit of 1137434?
3
What is the units digit of 1551858050?
0
What is the units digit of 1077422982?
2
What is the ten millions digit of 11630958?
1
What is the thousands digit of 84177823?
7
What is the ten thousands digit of 47083154?
8
What is the tens digit of 30745568?
6
What is the tens digit of 407867900?
0
What is the hundreds digit of 69705970?
9
What is the hundred thousands digit of 71138394?
1
What is the ten millions digit of 172696613?
7
What is the thousands digit of 75403788?
3
What is the hundred millions digit of 2347868600?
3
What is the tens digit of 151103198?
9
What is the millions digit of 56071631?
6
What is the units digit of 37110498?
8
What is the ten millions digit of 325774230?
2
What is the hundred thousands digit of 7567584108?
5
What is the tens digit of 255848081?
8
What is the units digit of 341295133?
3
What is the hundred millions digit of 1665144985?
6
What is the units digit of 127693595?
5
What is the hundred millions digit of 172856757?
1
What is the thousands digit of 13474672?
4
What is the units digit of 999248?
8
What is the ten thousands digit of 187209834?
0
What is the units digit of 206475038?
8
What is the ten millions digit of 1489469861?
8
What is the thousands digit of 378858317?
8
What is the units digit of 69506631?
1
What is the hundred thousands digit of 31896967?
8
What is the units digit of 607259072?
2
What is the tens digit of 76109931?
3
What is the tens digit of 809032263?
6
What is the hundred millions digit of 1115116088?
1
What is the hundreds digit of 237358611?
6
What is the hundred millions digit of 3807712016?
8
What is the hundred millions digit of 1207699125?
2
What is the units digit of 607341461?
1
What is the hundred millions digit of 513001823?
5
What is the hundreds digit of 218869968?
9
What is the units digit of 435819043?
3
What is the billions digit of 1949084502?
1
What is the ten millions digit of 82576801?
8
What is the tens digit of 43249028?
2
What is the units digit of 51301806?
6
What is the thousands digit of 40267606?
7
What is the hundreds digit of 129235306?
3
What is the tens digit of 1300525510?
1
What is the thousands digit of 4723323912?
3
What is the hundreds digit of 192731058?
0
What is the millions digit of 369683188?
9
What is the hundreds digit of 50869961?
9
What is the millions digit of 42113255?
2
What is the hundred thousands digit of 3910969729?
9
What is the thousands digit of 113848976?
8
What is the hundreds digit of 245703323?
3
What is the hundred millions digit of 158692829?
1
What is the hundreds digit of 276312778?
7
What is the thousands digit of 53742195?
2
What is the ten millions digit of 44219322?
4
What is the thousands digit of 43573878?
3
What is the millions digit of 4566665685?
6
What is the hundred millions digit of 133347783?
1
What is the millions digit of 716478836?
6
What is the units digit of 350573903?
3
What is the hundreds digit of 33660108?
1
What is the hundred thousands digit of 65583699?
5
What is the thousands digit of 90606750?
6
What is the millions digit of 338170678?
8
What is the tens digit of 103068769?
6
What is the tens digit of 27493194?
9
What is the billions digit of 1324553336?
1
What is the ten millions digit of 3335990165?
3
What is the units digit of 4887871881?
1
What is the units digit of 2103261500?
0
What is the thousands digit of 5172513553?
3
What is the thousands digit of 95366764?
6
What is the ten thousands digit of 1798896261?
9
What is the thousands digit of 857658612?
8
What is the units digit of 49294643?
3
What is the ten thousands digit of 371425421?
2
What is the units digit of 3000906009?
9
What is the hundred millions digit of 282070747?
2
What is the tens digit of 7036424?
2
What is the ten millions digit of 879191719?
7
What is the ten millions digit of 49767467?
4
What is the thousands digit of 5327425207?
5
What is the ten thousands digit of 52348874?
4
What is the ten thousands digit of 1840375237?
7
What is the hundred thousands digit of 57492968?
4
What is the hundreds digit of 41355224?
2
What is the millions digit of 2550583?
2
What is the ten thousands digit of 19872776?
7
What is the hundred millions digit of 295476629?
2
What is the tens digit of 37275670?
7
What is the millions digit of 8291258489?
1
What is the tens digit of 35995798?
9
What is the ten thousands digit of 66331182?
3
What is the millions digit of 89757870?
9
What is the ten millions digit of 1336474066?
3
What is the millions digit of 44210784?
4
What is the millions digit of 86454646?
6
What is the hundred thousands digit of 88617018?
6
What is the hundreds digit of 534210968?
9
What is the tens digit of 42561994?
9
What is the units digit of 110731747?
7
What is the hundred millions digit of 428372740?
4
What is the units digit of 354788849?
9
What is the ten millions digit of 4179453823?
7
What is the tens digit of 203830971?
7
What is the hundreds digit of 70067924?
9
What is the ten thousands digit of 45446882?
4
What is the hundreds digit of 14891004?
0
What is the hundreds digit of 26069663?
6
What is the ten thousands digit of 2613665589?
6
What is the hundred thousands digit of 2636556713?
5
What is the tens digit of 42824494?
9
What is the units digit of 172768647?
7
What is the thousands digit of 825594693?
4
What is the millions digit of 2031364037?
1
What is the millions digit of 2830606780?
0
What is the tens digit of 34334016?
1
What is the units digit of 216555330?
0
What is the units digit of 42063419?
9
What is the ten millions digit of 421913439?
2
What is the te